et u be (-4 - 3) + 9/3 - -5. Suppose -t - u = -7. Let j be 3*t/(-81) + (-904)/(-18). What is the greatest common divisor of j and 20?
10
Let v = -145 - -14. Let q = v - -101. Let u be -5 + 4 - (q + -3). Calculate the greatest common divisor of u and 80.
16
Let h(n) = -n**2 - 88*n - 1461. Let v be h(-23). Calculate the greatest common factor of 2482 and v.
34
Let b(r) be the third derivative of 13*r**4/24 - 2*r**3/3 + 2*r**2 + r. Let k be b(2). Let g = -21 - -175. Calculate the greatest common factor of k and g.
22
Let h(x) = -x**3 - 2*x**2 - 2*x - 4. Let w be h(-3). Suppose -8*q + w*q = 84. Let y = q + 7. Calculate the highest common factor of 14 and y.
7
Let x be (-273)/(-182)*8/6*9. Let i = 408 + -147. What is the greatest common divisor of i and x?
9
Let t = -7 - -3. Let z(d) = -47*d - 6. Let j be z(t). Let m = 32607 - 32593. What is the greatest common divisor of m and j?
14
Suppose 0 = 3*y - 3*z - 1536, 0*z - 2568 = -5*y - 3*z. Let u = 539 + -425. What is the greatest common factor of u and y?
57
Let c = 82 - 57. Suppose -9 = -q + c. Suppose -4*l - 184 = -4*h, 5*h - l - 104 = 146. Calculate the highest common factor of h and q.
17
Let l(b) = -2*b**3 - 25*b**2 + 13*b + 6. Let m be l(-13). Suppose 5*z = -5*p + 5, 0 = 2*z - 2*p - 8 - m. Calculate the highest common factor of z and 8.
4
Let p(n) = 7*n**3 - 23*n**2 - 33*n + 61. Let t be p(7). What is the highest common factor of t and 168?
24
Let l be -2*-45*(-10 + (-515)/(-50)). Suppose -5*f + 2060 = 800. Calculate the highest common factor of l and f.
9
Let l(u) = -1 - 3*u + 5 - 10*u**3 + 5*u**2 + 11*u**3. Let i be l(-5). Suppose -i*y = -14*y - 295. Calculate the highest common divisor of 649 and y.
59
Suppose -240 = -4*z - 4*d, d = -0*z + 3*z - 176. Calculate the highest common divisor of z and 54.
1
Let c = -152 + 153. Let k = -316 - -343. What is the greatest common divisor of k and c?
1
Suppose 5779 = 21*h + 2755. Calculate the greatest common divisor of h and 4734.
18
Let h = -41 + -46. Let m(y) = -32*y - 9. Let p be m(3). Let f = h - p. Calculate the greatest common factor of f and 126.
18
Suppose -488*m - 18 = -494*m. Suppose -15*x + 10*x + 15 = 0, -3*x = m*g - 495. What is the highest common factor of g and 6?
6
Let o be (-35)/14*(-3)/(45/12). Suppose -o*i - 100 = -124. Calculate the highest common divisor of 18 and i.
6
Suppose -5*u = -2*q - 127 - 242, -q + 78 = u. Let l be (-6)/33 + 171/33. Calculate the highest common divisor of l and u.
5
Suppose -216 = -285*a + 282*a + 3*g, 4*a - g = 288. Let l(k) = -k**2 - 6*k - 4. Let o be l(-5). Let y = 19 - o. Calculate the highest common factor of a and y.
18
Let x = -27 + 55. Suppose -2*m + 2*b + 11 = -473, 5*m - 1170 = -5*b. Calculate the greatest common divisor of x and m.
14
Let n(t) = 6*t - 12. Let k be n(-4). Let o be -1 - ((-2)/9 - 21680/k). Let h = o - -882. Calculate the highest common factor of h and 31.
31
Suppose -183*g + 198*g - 13200 = 0. What is the greatest common divisor of g and 64?
16
Let j(k) = 3*k - 19*k - 6*k. Let s be j(-2). Suppose 2*y - y = 11. What is the greatest common divisor of s and y?
11
Suppose -2*d = 2*d - 48. Suppose -3918*b = -3805*b - 8814. What is the highest common divisor of d and b?
6
Let y be 6/2*8/3. Suppose -c - 13 = -11. Let z be c/(-10) - (-2844)/180. What is the highest common divisor of y and z?
8
Suppose -63 - 273 = -8*r. Suppose -x - 40 = -r. Suppose -4*p - 80 = -5*p + 4*v, 334 = 4*p - x*v. What is the greatest common divisor of 12 and p?
12
Let z(q) = 24*q**2 + 1076*q - 61. Let w be z(-45). Calculate the highest common factor of 49 and w.
7
Let g(i) = 305*i - 167. Let m be g(1). What is the highest common factor of m and 138?
138
Let k be (-1)/(-2) - (-3090)/60. Let y(g) = 18*g - 104. Let o be y(13). Calculate the highest common factor of k and o.
26
Let r(s) be the second derivative of -s**4/12 + 19*s**3/6 - 17*s**2 - 56*s. Let t be r(15). What is the greatest common divisor of 2 and t?
2
Let s be 1 + 5 - (-70 + 40). What is the highest common factor of 72 and s?
36
Let t be (178/(-3) + (-6)/(-18))/1. Let j = t + 115. Let g = j + 2. What is the highest common factor of g and 87?
29
Let a be 14 - (-15 + 21762/(-13)). Calculate the highest common divisor of a and 52.
13
Let y be -4*38*2/(-4). Suppose -2*w - y = -5*a, -5*a + 8*a - 46 = w. Let m = 53 - 37. Calculate the highest common divisor of a and m.
16
Suppose 6951 = -7*j + 7007. Calculate the greatest common factor of 616 and j.
8
Suppose 221*i - 217*i - 1197 = 3*s, 0 = 5*i + 5*s - 1470. Let y be 266/10 - 2/(-5). What is the greatest common divisor of y and i?
27
Let o be ((-99)/(-12)*2)/((-36)/(-48)). Suppose -c + 6*c = 5*i - 15, i - 2*c - 5 = 0. Suppose -i - 87 = -d. Calculate the highest common divisor of o and d.
22
Let b(w) = 16*w + 21*w**2 - 15 + w**3 + 22 - 6*w + 7*w. Let g be b(-17). Calculate the highest common divisor of 38 and g.
38
Let h = -8573 + 8589. What is the greatest common divisor of h and 5?
1
Let m be 3/12 + 614/8. Let v be -4*(5 - 1649/68). Calculate the highest common factor of m and v.
77
Suppose -5*l + 2*v + 2393 = -2, 4*l - 1893 = -3*v. What is the highest common factor of l and 63?
9
Let t(h) = -4*h - 41. Let z be t(-19). Suppose -c = -6*c + z. Suppose 7*x = -0*x + 539. What is the highest common factor of x and c?
7
Let g = -7455 + 7614. What is the highest common divisor of 33 and g?
3
Let a = 346 + -340. What is the highest common factor of 1842 and a?
6
Suppose 3780 = 5456*o - 5414*o. Let n be 238/8 + (-1)/(-4). What is the highest common factor of o and n?
30
Let v(q) = 8*q + 1. Let r be v(1). Let a(o) = -o**3 + 11*o**2 - 15*o - 7. Let y be a(8). Let b = y - -7. What is the greatest common divisor of r and b?
9
Let v(a) = -5*a**3 - 5*a**2 - a + 6. Let b be v(-2). Let k be 34/8 + (-35)/b. Calculate the highest common divisor of 75 and k.
3
Let z = -7730 + 8486. Calculate the greatest common divisor of z and 1743.
21
Suppose 4*h - m - 1132 = 241, 4*h + 3*m - 1353 = 0. Calculate the highest common divisor of h and 1278.
18
Suppose -10*h - 637 - 13 = 0. Let o = h - -96. What is the greatest common factor of 341 and o?
31
Suppose -180*v = -9*v + 11223 - 71757. What is the highest common divisor of v and 6136?
118
Suppose 148*w - 313*w = -156*w - 126. Calculate the highest common factor of 287 and w.
7
Let c = 2767 + -1657. Suppose -5*d + 14 = -46. Suppose -d*n = -6*n - c. What is the highest common divisor of 37 and n?
37
Suppose 4 - 12 = -z. Suppose 0 = 3*y - 170 - 43. Let i = y + -63. Calculate the greatest common factor of z and i.
8
Let f be (-18 + 3528/96)/(1/(-6))*-12. What is the greatest common factor of 72 and f?
18
Suppose 6*c + 2 + 4 = 0. Let h be (-4 - (-2 + 1))*c. Let o be h/(-5) - (-24)/15. What is the greatest common factor of 2 and o?
1
Suppose -s = 159*i - 160*i + 244, -4*i = s - 1006. What is the highest common divisor of 1150 and i?
50
Let x be 2/(-15) + 6132/90. Suppose 6*g - g - x = -3*q, -2*g + 4*q = -48. Suppose -g = -4*a + 24. Calculate the greatest common factor of a and 90.
10
Let w = -71 - -75. Suppose -153 = -5*h + d, h - 4*d = -w*h + 147. Let g = h + -22. What is the highest common divisor of 9 and g?
9
Let l(h) = 2*h**2 - h - 167. Let r be l(-10). What is the greatest common divisor of 3096 and r?
43
Let m(p) = p**2 - 15*p - 12. Let f be m(16). Let a be 3/(-9)*(f - -2). Let w(q) = -6*q + 3. Let j be w(a). What is the greatest common factor of 75 and j?
15
Let t be (0 - (-32)/12)/(-8*3/(-1728)). What is the highest common divisor of t and 672?
96
Let o = 34 - 30. Suppose -o*n - 3*h + 2 = -8*h, -h + 14 = 4*n. Suppose 0 = 3*j - 72 - n. Calculate the highest common divisor of 25 and j.
25
Let m(n) = n**3 - 2*n**2 - 14*n + 44. Let t be m(4). Suppose -7*s + t = -3*s. Let w be 14 + (-1)/1 + 2. Calculate the greatest common divisor of s and w.
5
Suppose 19*w = -1180 - 8301. Let q = -191 - w. What is the greatest common factor of q and 22?
22
Let h be 0/(-2) + 44 + -42. Suppose 35 = 2*l + u - 81, 5*u = h*l - 140. Calculate the greatest common factor of 315 and l.
15
Suppose -3*l - 536*a = -541*a - 145, 4*l - 197 = 3*a. Suppose 2*g - 388 = 3*o, 596 = -3*g + 6*g - o. Calculate the highest common divisor of l and g.
50
Suppose v - 2*v = -14. Let m = -6 + v. Suppose 4*q - 22 = -5*p, -4*p 